inder when z is divided by s(-4)?
3
Let r = 12 - -2. Suppose 0 = 5*x - 5*o - 150, 23 = x + o + 1. What is the remainder when x is divided by r?
12
Let u = -119 - -43. Let d = u + 145. What is the remainder when d is divided by 12?
9
Let m = -142 + 228. Calculate the remainder when m is divided by 18.
14
Let j(i) = -i**2 + 6*i. Let m be j(5). Suppose -3*x - 116 = -m*x. Calculate the remainder when x is divided by 20.
18
Let k(y) = 7*y**3 - 2*y**2 + y. Suppose 4*t - 37 = 15. What is the remainder when k(2) is divided by t?
11
Suppose -2*s + 2*i + 1 = 3*i, -2*i + 4 = 5*s. Let d(c) = 10*c**2 - 3*c. What is the remainder when d(s) is divided by 12?
10
Let r(z) = -149*z**3 - z**2 - z + 1. What is the remainder when r(-1) is divided by 38?
36
Let i be ((-92)/6)/(12/18). Let a = i + 34. Suppose -5*b + 3*b = -86. Calculate the remainder when b is divided by a.
10
Let z = 3 + -1. Suppose z + 22 = 3*l. What is the remainder when l is divided by 3 - 3 - 3*(-4)/4?
2
Let w(d) = d**3 + 5*d**2 + 3*d - 3. Suppose 4*x + 16 = 8*x. Calculate the remainder when w(-3) is divided by x.
2
Let h(u) = 14*u**3 + u**2 - 5*u + 4. What is the remainder when h(1) is divided by 6?
2
Let z(q) = -4*q + 1. Let j(h) = h - 1. Let u be j(-4). Let p(s) = -s**2 + 10*s - 5. What is the remainder when z(u) is divided by p(8)?
10
Let o(a) be the first derivative of -2*a**2 + a - 3. Let v = -8 - -5. Calculate the remainder when 37 is divided by o(v).
11
Let p be (-10 + 8)/(1 - 2). Suppose 3*v - 146 = -p*i, -2*v + 6*v - 190 = 2*i. Calculate the remainder when v is divided by 17.
14
Suppose -3*p - 34 = -5*v - 0, -3*p - 2*v = -1. Let i = p - -3. Suppose 2*d = -i*d + 8. What is the remainder when 11 is divided by d?
3
Suppose 5*z = -13*u + 16*u + 128, u + 76 = 3*z. Calculate the remainder when 1/2 - (-197)/2 is divided by z.
24
Let j(p) = 8*p - 3. Let c be j(-5). Let a = -21 - c. Calculate the remainder when a is divided by 3/(3/(-8))*-1.
6
Let n be 6/21 + (-5)/(-7). Suppose 0 = -g - 0*g + n, 65 = 3*q + 2*g. Let u = 36 - q. What is the remainder when u is divided by 8?
7
Let x(t) = t - 8. Let i be (-122)/(-14) - (-6)/21. What is the remainder when 1 is divided by x(i)?
0
Let b be (-116)/(-6) - 11/33. Suppose 3*j - 5 = 2*j. Suppose -5*f + 140 = 5*p, -j*f + 149 = 3*p + b. What is the remainder when f is divided by 8?
7
Let j(s) = -21*s - 5. Let i be j(-5). Let p = i - 42. Suppose 2*m - l - p = 17, 5*m - 192 = -2*l. What is the remainder when m is divided by 13?
12
Let w = -8 - -15. Let j = 11 - w. Suppose 2*a = 4*u - 4, -2*a + 4*a - 8 = 0. What is the remainder when j is divided by u?
1
Let v = -5 - -12. Calculate the remainder when v is divided by -2 - (-7)/((-7)/(-6)).
3
Let f(x) = 4*x**3 + 3*x**2 - 4*x + 2. Calculate the remainder when f(2) is divided by 13.
12
What is the remainder when 42 is divided by (8/(-10))/((-8)/220)?
20
Let w(g) = g**3 - g**2 - 3*g - 5. Suppose -5 + 1 = -j. Let n(z) = -z**2 + 9*z - 5. Calculate the remainder when n(j) is divided by w(3).
3
Let n be 240/56 + (-2)/7. Suppose -n*m = 4*a - 188, -28 + 256 = 5*a - 2*m. What is the remainder when a is divided by 12?
10
What is the remainder when 86 is divided by 2/6 + (-430)/(-15)?
28
Let y = 9 + -7. Suppose -5*m = -y - 8. Calculate the remainder when 2 is divided by m.
0
Let n(x) = 2*x + 1. Let a be n(1). Suppose a*q = -u + 33, -4*q = q + 3*u - 55. What is the remainder when 19 is divided by q?
8
Let k(c) be the second derivative of -c**5/20 + 5*c**4/12 - c**3/6 - c**2/2 + 5*c. What is the remainder when 17 is divided by k(2)?
8
Let k(f) = -84*f - 1. Let z be k(-2). Suppose -5*p = 2*c - z, 3*p + 0*c = -3*c + 102. Calculate the remainder when p is divided by ((-6)/5)/((-6)/60).
9
Let v(w) = 2*w**2 + w + 1 + 3*w - w + 0*w. Calculate the remainder when 39 is divided by v(-3).
9
Suppose -3*h = -8*h + 2*z + 149, -4*z = h - 43. Calculate the remainder when 121 is divided by h.
28
Let k = 55 - -17. What is the remainder when k is divided by 25?
22
Let o = -9 - -18. Calculate the remainder when 6/12*6/1 - -14 is divided by o.
8
Let p(s) = 2*s**2 - s. Suppose 26 = 5*l - 19. Suppose l = w + 4. Calculate the remainder when w is divided by p(-1).
2
Suppose 2*k + 44 = 6*k. Let m(b) = -b**3 + b**2 + 2*b + 2. Calculate the remainder when m(-3) is divided by k.
10
Let l = -45 - -64. Suppose -l = 3*t - 64. Suppose 4*h = -16, -6*h + 3*h = 4*j - 96. What is the remainder when j is divided by t?
12
Let s = 21 - -3. Calculate the remainder when 69/2*(-4)/(-2) is divided by s.
21
Let n be (-31*1)/(0 - 1). Let t be 2/6 - (-74)/(-6). Let f = n + t. Calculate the remainder when 37 is divided by f.
18
Let q be -2*(0 + (1 - 2)). Suppose 0 = -0*w - q*w, -5*b = -3*w + 20. Calculate the remainder when 166/6 + b/6 is divided by 10.
7
Let m(r) = 2*r**2 + 8*r + 7. Let h(k) = 8*k + 1. Calculate the remainder when m(-5) is divided by h(1).
8
Suppose 2*u + 3*u + 20 = m, 0 = m. Let a(l) = l**3 - 18*l**2 + l - 12. What is the remainder when (-10 - 1)/(2/u) is divided by a(18)?
4
Suppose 2*l = l + 12. Calculate the remainder when l is divided by (-2 - 18)*(-5)/20.
2
Let j = 59 - 28. Suppose u + 59 = 5*z, -64 = z - 5*z + 5*u. Calculate the remainder when j is divided by z.
9
Suppose 4*k = 3*k + 9. Suppose -l + 7 = 6*g - 2*g, -2*g = -5*l - k. What is the remainder when 7 is divided by g?
1
Let w = 21 - 11. Calculate the remainder when 37 is divided by w.
7
Let x be (-3 - -39) + (-1 - 1). Suppose -3*z = -5*f + x, -3*z - 1 = -2*f + 9. Calculate the remainder when 15 is divided by f.
7
Calculate the remainder when 28 is divided by (24/14)/((-38)/(-133)).
4
Let i(m) = -m**3 + 13*m**2 - m + 19. Let r = -74 + 52. Let n = r + 32. Calculate the remainder when n is divided by i(13).
4
Suppose 0 = 2*u - 3*u + 86. What is the remainder when u is divided by 30?
26
Let s(t) = -t**3 + t**2 + 5*t - 6. Calculate the remainder when 27 is divided by s(-3).
12
Let w(h) = -h**2 - 21*h - 62. Calculate the remainder when w(-14) is divided by 8.
4
Let k(z) = 2*z + 7. Calculate the remainder when 41 is divided by k(4).
11
Suppose 3*s = 5*a + 165, -s = s - 4*a - 108. What is the remainder when s is divided by 21?
18
Let t = -20 - -25. What is the remainder when 11 is divided by t + -3 + 3 + -2?
2
Let i(f) = -f**2 + 7*f - 8. Suppose 3*d - 15 = -3*z, 0 = 4*z - 4*d + 3*d - 25. Let v be i(z). Let u = 0 - v. Calculate the remainder when 5 is divided by u.
1
Suppose 89 = 4*f + 17. Let g(x) = x - 4. Calculate the remainder when f*((-4)/2 - -3) is divided by g(11).
4
Let a = 180 + -158. Calculate the remainder when 151 is divided by a.
19
Let f be -2 + -1 + 69 + 3. Suppose f = 4*q - 11. Calculate the remainder when 57 is divided by q.
17
Let q be 3 - (-49 - 0 - 0). Suppose 8*u - 4*u + 4*h - q = 0, 0 = -4*u + 5*h + 7. What is the remainder when 14 is divided by u?
6
Let q = -174 + 324. Let g = q - 96. What is the remainder when g is divided by 28?
26
Let f = 177 + -139. Calculate the remainder when 75 is divided by f.
37
Let u = 51 + -22. Let y(g) = -7*g - 8. Calculate the remainder when y(-9) is divided by u.
26
Suppose u = 4*c - 195, 5*c - u = -4*u + 231. Suppose 3*w - 162 = -2*w + h, 0 = -w - 5*h + c. Calculate the remainder when w is divided by 17.
16
Suppose -s + 5 = 2. Suppose -7*n = -3*n - 24. Suppose 10 = 4*w - n. What is the remainder when w is divided by s?
1
Suppose a + 1 = -2, n = 2*a + 83. What is the remainder when n is divided by 10?
7
What is the remainder when (-1216)/(-12) + (-2 - (-8)/3) is divided by 27?
21
Suppose 0 = -3*a - 0*m + 5*m + 12, -2*a + 9 = -3*m. What is the remainder when a is divided by 6?
3
Let v(z) = -13*z - 2. Suppose -d - 3 = -16. Calculate the remainder when v(-4) is divided by d.
11
Let m be 1/3 - (-249)/9. Let a(c) = c**2 + 9*c + 4. Let f be a(-7). Let x = f + m. Calculate the remainder when x is divided by 10.
8
Let t(l) = -2*l**2 - l**2 + l**2 - 9 + 9*l + l**2. Let y(d) = d**2 - 4*d + 2. Let o be y(5). Calculate the remainder when 14 is divided by t(o).
4
Suppose -5*r + l = -17 + 84, 5*l - 49 = 3*r. Let t = r - -24. Calculate the remainder when t is divided by 6.
5
Let j(k) = -k**3 + 5*k**2 - 2*k + 3. What is the remainder when ((-1)/2)/((-1)/40) is divided by j(4)?
9
Let c = -85 - -123. Calculate the remainder when 111 is divided by c.
35
Suppos